{"id":18,"date":"2019-01-29T21:54:19","date_gmt":"2019-01-29T21:54:19","guid":{"rendered":"http:\/\/catsandlace.de\/?page_id=18"},"modified":"2019-02-01T18:12:26","modified_gmt":"2019-02-01T18:12:26","slug":"home","status":"publish","type":"page","link":"https:\/\/catsandlace.de\/","title":{"rendered":"Cats &#038; Lace"},"content":{"rendered":"<div class=\"et_pb_column et_pb_column_4_4 et_pb_column_0    et_pb_css_mix_blend_mode_passthrough et-last-child\">\n<div class=\"et_pb_module et_pb_text et_pb_text_1 et_pb_bg_layout_light  et_pb_text_align_left\">\n<div class=\"et_pb_text_inner\">\n<p>Cats &amp; Lace steht f\u00fcr sinnlich, frech, stark, weich, nat\u00fcrlich, erotisch, keck, verf\u00fchrerisch, elegant, verspielt&#8230;einfach schamlos weibliche Boudoirfotos.<\/p>\n<p>Ob im Studio, der freien Natur, bei Dir zuhause oder im Hotel: Cats &amp; Lace verschafft Deiner Weiblichkeit eine B\u00fchne und setzt Dich mit viel Feingef\u00fchl, Sinn f\u00fcr \u00c4sthetik und einem hohen Ma\u00df an Erfahrung in Szene. Das Ergebnis: aufregend sch\u00f6ne Fotos f\u00fcr Dich.<\/p>\n<\/div>\n<\/div>\n<\/div>\n\n\n<h2 class=\"wp-block-heading\"><\/h2>\n","protected":false},"excerpt":{"rendered":"<p>Cats &amp; Lace steht f\u00fcr sinnlich, frech, stark, weich, nat\u00fcrlich, erotisch, keck, verf\u00fchrerisch, elegant, verspielt&#8230;einfach schamlos weibliche Boudoirfotos. Ob im Studio, der freien Natur, bei Dir zuhause oder im Hotel: Cats &amp; Lace verschafft Deiner Weiblichkeit eine B\u00fchne und setzt Dich mit viel Feingef\u00fchl, Sinn f\u00fcr \u00c4sthetik und einem hohen Ma\u00df an Erfahrung in Szene. &hellip; <\/p>\n<p class=\"link-more\"><a href=\"https:\/\/catsandlace.de\/\" class=\"more-link\">Continue reading<span class=\"screen-reader-text\"> &#8220;Cats &#038; Lace&#8221;<\/span><\/a><\/p>\n","protected":false},"author":1,"featured_media":48,"parent":0,"menu_order":0,"comment_status":"closed","ping_status":"closed","template":"","meta":{"footnotes":""},"class_list":["post-18","page","type-page","status-publish","has-post-thumbnail","hentry"],"_links":{"self":[{"href":"https:\/\/catsandlace.de\/index.php?rest_route=\/wp\/v2\/pages\/18","targetHints":{"allow":["GET"]}}],"collection":[{"href":"https:\/\/catsandlace.de\/index.php?rest_route=\/wp\/v2\/pages"}],"about":[{"href":"https:\/\/catsandlace.de\/index.php?rest_route=\/wp\/v2\/types\/page"}],"author":[{"embeddable":true,"href":"https:\/\/catsandlace.de\/index.php?rest_route=\/wp\/v2\/users\/1"}],"replies":[{"embeddable":true,"href":"https:\/\/catsandlace.de\/index.php?rest_route=%2Fwp%2Fv2%2Fcomments&post=18"}],"version-history":[{"count":5,"href":"https:\/\/catsandlace.de\/index.php?rest_route=\/wp\/v2\/pages\/18\/revisions"}],"predecessor-version":[{"id":173,"href":"https:\/\/catsandlace.de\/index.php?rest_route=\/wp\/v2\/pages\/18\/revisions\/173"}],"wp:featuredmedia":[{"embeddable":true,"href":"https:\/\/catsandlace.de\/index.php?rest_route=\/wp\/v2\/media\/48"}],"wp:attachment":[{"href":"https:\/\/catsandlace.de\/index.php?rest_route=%2Fwp%2Fv2%2Fmedia&parent=18"}],"curies":[{"name":"wp","href":"https:\/\/api.w.org\/{rel}","templated":true}]}}